 = x + y. What is the units digit of p?
7
Let s(q) = -5 + 5 + q**2 - q. Let k be s(2). Suppose -h = -5*h + 8, -3*h = -k*m. What is the units digit of m?
3
What is the tens digit of 5015/20 - 6/8?
5
Suppose 2*i - 3*i - 6 = 0. Let a be 2/(-1 - i/4). Suppose -a*d + 0 = -12. What is the units digit of d?
3
Suppose 0 = 2*z - 2 + 4. What is the units digit of z/((3/48)/(-1))?
6
Let v(l) = l**2 - 12*l - 36. What is the tens digit of v(22)?
8
Let d be (-6)/(-7) + -1 + 1022/(-49). Let t(c) = -c**2 + 4*c + 4. Let u be t(6). Let q = u - d. What is the tens digit of q?
1
Let l(x) = x**2 + 15*x - 9. What is the units digit of l(6)?
7
What is the units digit of (-312)/(-2) - (-5 + 6)?
5
Suppose 0 = f + 2*f - 168. Suppose 3*u + 2 = f. Suppose 2*x - 16 = u. What is the tens digit of x?
1
Let y(j) = 4*j - 10. What is the units digit of y(11)?
4
Suppose 3*j = -2*j + 15. Let n(d) be the first derivative of -d**3/3 + 2*d**2 - 5. What is the units digit of n(j)?
3
Let y(f) = -f**2 - 3*f + 2. Let w be y(-4). What is the tens digit of (3/4)/(w/(-56))?
2
Suppose k = -2*k + 216. What is the units digit of k?
2
Suppose 28 = 8*x - 6*x. Suppose -x = 2*z - 4*z. Suppose z*y - 6*y = 5. What is the units digit of y?
5
Let o(j) = 2*j**2 - 10*j + 21. What is the tens digit of o(6)?
3
What is the units digit of 3/(-3)*5*-1?
5
Let a = 20 + -14. Suppose -2*h + a = -10. What is the units digit of h?
8
Suppose 6 = -0*k + k. Let h(p) be the second derivative of -p**4/12 + 7*p**3/6 - 3*p**2/2 - 4*p. What is the units digit of h(k)?
3
Let m = 17 - 5. Let u = -4 + 2. Let i = u + m. What is the units digit of i?
0
What is the tens digit of 467/4 - 20/(-80)?
1
What is the tens digit of (-101)/(-4) + 4/(-16)?
2
Let k = 115 - 68. What is the units digit of k?
7
Let k(z) = -z**3 - 6*z**2 - 2*z + 6. Let u be k(-5). Let l(b) = -b**3 + 7*b**2 - 6*b - 3. Let f be l(6). Let t = f - u. What is the units digit of t?
6
What is the tens digit of (2 + 11)/(-3 - -4)?
1
What is the units digit of (-2)/(-1) - (-70 + 4)?
8
Suppose -3*a + 13 + 227 = 0. Suppose 4*d = a - 24. What is the units digit of d?
4
Let b(n) = 8*n**2 + 2*n + 2. Let s(l) = 2*l - 20. Let i be s(9). What is the tens digit of b(i)?
3
Let w(b) = 2*b**2 + 5*b - 7. What is the units digit of w(-5)?
8
Suppose -3*a = -m - 6, m - 5 = a + 3*m. Suppose g - 10 = -a. What is the units digit of g?
9
Suppose -5*u = -2*u - 498. What is the units digit of u?
6
Suppose 0*j + 101 = 3*h + 2*j, -5*j - 136 = -3*h. What is the units digit of h?
7
Suppose -24 = -4*o - 4*l, 5*o - o + 2*l - 30 = 0. What is the units digit of o?
9
Suppose -4*w + 9*w = 0. Suppose i + 0*i = w, -i = 4*g - 36. What is the units digit of g?
9
Suppose -7 = k - 1. Suppose -x = 4*h + 4*x - 45, 4*h + x = 57. Let r = k + h. What is the units digit of r?
9
Let h(d) = -2*d. Let i be h(-7). Let u = i - -5. What is the tens digit of u?
1
Let j(b) = -b**3 + 7*b**2 - 5*b - 5. Let x be (-1)/(3/(-36)*2). Let l be j(x). What is the tens digit of (-87)/(-9) + l/3?
1
Suppose -10 = -4*a + 2*a. Suppose -a*p = -4*f + 17, -f - 3*p + 6 = 2*f. Suppose f*j - 10 = 17. What is the units digit of j?
9
Suppose 6 = s + 3*x, -4*x + 2*x - 8 = 0. Let t = 30 - s. What is the units digit of t?
2
Suppose 5*x - 4*x - 4*i - 12 = 0, 0 = -5*x + 5*i. Let w(f) = -2*f - 6. What is the units digit of w(x)?
2
Let x be (-1 - 17)*(-6)/4. Let u = x - 2. What is the units digit of u?
5
Suppose -3*b + 5*b = 6. Suppose 100 = d + b*d. What is the tens digit of d?
2
Let z be (3 + -6)/(3/(-7)). Let u be 1 + -5 - (-1 + 2). Let l = z + u. What is the units digit of l?
2
Let a(r) = 8*r**2 + 4*r + 3. What is the units digit of a(-2)?
7
Let p = -36 - -144. What is the tens digit of p?
0
Let w(r) be the third derivative of -r**4/24 + 2*r**3/3 + 6*r**2. What is the units digit of w(3)?
1
Suppose -2*p + 6 = -2. Let c = -1 + -2. Let z = p + c. What is the units digit of z?
1
Suppose 0 = -4*a - 3*n + 6, n + 3 = a - 2. Suppose -3*i + 135 = -0*i - a*b, -87 = -2*i - b. What is the tens digit of i?
4
Let x be 90/(-6)*6/(-10). Suppose -4*m + 4*g = -8, -4*m + 3*g = -x + 1. What is the units digit of m?
2
Suppose 2*u + 4*i + 213 = 5*u, -4*u + 303 = i. What is the units digit of u?
5
Suppose 2*k = -2*k. Suppose q - 4 = -3*b - 5, k = q + b - 3. Suppose 0 = -m + 4, w = -3*w + q*m. What is the units digit of w?
5
Let j be ((-12)/(-5))/(6/30). Let k = j + -9. What is the units digit of ((-2)/(-5))/(k/30)?
4
Let c = 2 - 1. Let o be (4/6)/(c/24). Suppose -2*d = -t - 11, -6*d + 4*d + o = 4*t. What is the units digit of d?
6
Let r(k) = -1 - 4*k + 3 + k. Let w(v) = -v**3 + 3*v**2 + 3*v. Let m be w(4). What is the tens digit of r(m)?
1
Let m(k) = 10*k**2 + 2*k - 2. Let z be m(-2). Suppose -2*a + z = 3*a - 4*c, -2*c - 20 = -3*a. What is the units digit of a?
6
Let g(y) = 2*y**3 - 7*y**2 + 2*y - 11. What is the tens digit of g(5)?
7
Let n(m) = 7*m**2 + 5*m + m**3 - 3*m**2 + 2*m**3 - 4*m**3 + 3. What is the units digit of n(5)?
3
Suppose -18 - 67 = -5*g. What is the tens digit of g?
1
Suppose 4*c + 12 = 8*c. Suppose -3*o - 33 = 3*u, -5*u - 5*o + c*o - 55 = 0. Let r = u - -22. What is the units digit of r?
1
Suppose 5*v = -29 + 4, 46 = 3*j + 4*v. What is the units digit of j?
2
Let g = 314 + -10. What is the hundreds digit of g?
3
Let h(x) be the third derivative of -x**5/20 + x**4/24 + x**3/6 + 3*x**2. Let n be h(-1). Let p(v) = -6*v - 4. What is the units digit of p(n)?
4
Suppose -3*j + 362 = 5*g, 3*g + 110 = j + 2*g. What is the units digit of j?
4
Let i(p) = 7*p - 14 + 2*p**2 + 10 - 3*p**2. Suppose -24 = -2*v - 3*j, 2*j - 18 = -v - j. What is the units digit of i(v)?
2
Suppose -3*t - g = -42, -3*t + g + 70 = 2*t. What is the units digit of t?
4
Suppose -z = -3*z + g - 11, -g = 2*z + 9. Let x = 8 - z. What is the tens digit of x?
1
Suppose 0*p + 2*p - 54 = 0. What is the units digit of p?
7
Let f = 33 - -39. Suppose 8*y = 4*y + f. What is the units digit of y?
8
Let h(m) = -7*m - 22. Let c(l) = -13*l - 43. Let g(f) = 4*c(f) - 7*h(f). What is the units digit of g(-12)?
8
Suppose -2*c + 3*c + l - 80 = 0, 5*c - 4*l - 445 = 0. Suppose -5*x + c + 0 = 0. What is the units digit of x?
7
Let y(z) be the second derivative of z**3/3 - 5*z**2 - 4*z. What is the units digit of y(7)?
4
Let r be (26/(-6))/(3/(-18)). Let w be 1 + -1 + 1 + 2. Suppose 4*f - 5 = n + r, 4*f + w*n - 19 = 0. What is the units digit of f?
7
Let l be (-16)/(-3) + (-4)/3. Suppose 0 = 2*y, 72 = 4*q + l*y - 12. What is the tens digit of q?
2
Let k be (0*(-3)/(-12))/(-3). Suppose -j + 5*j - 4 = k. What is the units digit of j?
1
Suppose 912 = 7*y + 191. What is the units digit of y?
3
Let t = -70 - -112. Let v = t - 30. What is the units digit of v?
2
Suppose 3*k - 2*r - 15 - 1 = 0, -3*k = -r - 11. Let b(t) = k*t - 2*t**2 - t**3 + 6*t**2 - t + 2*t**3. What is the units digit of b(-3)?
6
Let r be ((-6)/(-8))/((-8)/(-96)). Let j = 13 - r. What is the units digit of j?
4
What is the tens digit of 4/12 + ((-118)/(-6) - 1)?
1
Let g(w) = -2*w**3 + 2*w. What is the tens digit of g(-2)?
1
Let z(p) be the second derivative of -p**5/20 - 5*p**4/12 - p**3/6 - 3*p**2 + p. Let t be z(-5). Let d = t - -2. What is the units digit of d?
1
Let v(f) be the first derivative of -f**6/360 + f**5/15 - f**4/24 + 2*f**3/3 + 1. Let n(o) be the third derivative of v(o). What is the units digit of n(6)?
1
Let f = -13 + 8. Let z = f + 20. Suppose -5*l + z = -0*l. What is the units digit of l?
3
Suppose 5*i + 11 - 21 = 0. What is the units digit of (-2)/4 + 99/i?
9
Let b be (4 - 7)/(6/(-112)). Suppose -b = 2*o - 4*o. What is the tens digit of o?
2
Let r(x) = 27*x**2 - 5*x + 1. What is the tens digit of r(-3)?
5
What is the tens digit of 0 - 2 - (-132)/3?
4
Let p(k) = -k**2 - 9*k + 4. Let m be p(-14). Let b = -32 - m. What is the units digit of b?
4
Let m(a) = -a**2 - a. Let p(x) = -4*x**2 - x**2 - 1 + 5*x + 4*x**2. Let j(r) = -5*m(r) - p(r). What is the units digit of j(-1)?
7
Let u(m) = -m**2 - 3*m + 3. Let q be u(-3). Suppose -3*t = -5*j - 62, 0 = 2*t - t - q*j - 26. What is the units digit of t?
4
Let a(x) = 9*x - 17. Let i = 13 - 8. What is the units digit of a(i)?
8
Let f = 10 - 10. Let d = 3 + f. Suppose -3*y = -3*v - 30, -22 = -d*y + v - 2*v. What is the units digit of y?
8
Suppose 1 = d - 3. Suppose -2*r = 3*s - 3, 0 = 